{"id":41,"date":"2017-06-10T22:09:46","date_gmt":"2017-06-10T22:09:46","guid":{"rendered":"http:\/\/www.sahkoasennusmanninen.fi\/?page_id=41"},"modified":"2026-03-16T23:26:50","modified_gmt":"2026-03-16T23:26:50","slug":"referenssikohteet","status":"publish","type":"page","link":"http:\/\/www.sahkoasennusmanninen.fi\/?page_id=41","title":{"rendered":"REFERENSSIKOHTEET:"},"content":{"rendered":"<ul>\n<li>Alavus Ikkunat tuotantohalli<\/li>\n<li>Alavus Ikkunat konttori<\/li>\n<li>Alavus tilaelementit tuotantohalli 2018 KVR<\/li>\n<li>Alavuden urheilukent\u00e4n kuuluttamo 2019 KVR<\/li>\n<li>Apteekki Alavus saneeraus 2019<\/li>\n<li>Riikku rakenteet 1 ja 2 vaihe<\/li>\n<li>K-SUPER MARKET alavus<\/li>\n<li>Kirkkom\u00e4nnik\u00f6n Ala-asteen saneeraus vaihe 2<\/li>\n<li>Asumistukiyksikk\u00f6 Linnunlaulu kuortane<\/li>\n<li>OPKK.n tilat alavus<\/li>\n<li>Kauppakeskus Kynt\u00e4j\u00e4 alavus<\/li>\n<li>Mets\u00e4,Niitty ja Pelto-kievari saneeraus \u00c4ht\u00e4ri<\/li>\n<li>Manor OY laajennus 2010<\/li>\n<li>Puistovarikko alavus<\/li>\n<li>Vaneripaikka laajennus 2016 KVR<\/li>\n<li>Vaneripaikka laajennus 2018 KVR<\/li>\n<li>Nahkapaikka varaston laajennus<\/li>\n<li>Nahkapaikka\/OP-liikekiinteist\u00f6 Tuuri 2015<\/li>\n<li>Nahkapaikka Toimistot\/Sosiaali tilat 2017 KVR<\/li>\n<li>M\u00e4ntyrinne RY vanhainkoti saneeraus 2014<\/li>\n<li>As OY Artturinranta (kerrostalo)<\/li>\n<li>As OY Jalavanranta (kerrostalo)<\/li>\n<li>As OY Kirkkopiha (kerrostalo) 2016<\/li>\n<li>As OY Lukkarinpuisto (rivitalo)<\/li>\n<li>As OY Tuurinhelmi \u00a0(rivitalo)<\/li>\n<li>As OY Alavuden pelto \u00a0(rivitalo) KVR<\/li>\n<li>As OY Alavuden puisto \u00a0(rivitalo) KVR<\/li>\n<li>As OY Tuurin mets\u00e4niitty \u00a0(rivitalo) KVR<\/li>\n<li>As OY Alavuden Terva (rivitalo) 2018 KVR<\/li>\n<li>As OY Pukkirinne (rivitalo) 2019<\/li>\n<li>\u00c4ht\u00e4rin Liikuntahalli\u00a0 2018 n.3500m2<\/li>\n<li>Kuortaneen Koulumajat 5 (40 asuntoa) 2019<\/li>\n<li>Alavuden Kaupungin keskusvarasto 2019<\/li>\n<li>Virtain TK vaihe 6 saneeraus 2019<\/li>\n<li>OP Alavus saneeraus 2020<\/li>\n<li>Alavuden Yl\u00e4koulu 2020<\/li>\n<li>Kino Kynt\u00e4j\u00e4 2020<\/li>\n<li>Saunaravintola Kiulu 2020<\/li>\n<li>Pohjanmaan Biol\u00e4mp\u00f6 OY Aurinkovoimala 40.5 kWp 2020<\/li>\n<li>As OY Virkalanranta (kerrostalo) 2021<\/li>\n<li>As Oy Kirkkonummen konsulitorni 2021<\/li>\n<li>Alvarin Koulu 2021<\/li>\n<li>Mc Donald\u00b4s Sein\u00e4joki Jouppi 2021<\/li>\n<li>Mc Donald\u00b4s Sein\u00e4joki P\u00e4iv\u00f6l\u00e4 2021<\/li>\n<li>Mc Donald\u00b4s Pori 2022<\/li>\n<li>Mc Donald\u00b4s Riihim\u00e4ki 2022<\/li>\n<li>Riikku tuontantohalli vaihe3 n.3000m2 2021<\/li>\n<li>Suomen kuntorakennus n.5500m2 2021 KVR<\/li>\n<li>Hankolan katuvalaistus \u00c4ht\u00e4ri 2021<\/li>\n<li>T\u00f6ys\u00e4-lehtim\u00e4en tien katuvalaistus 2021<\/li>\n<li>Vaneripaikka laajennus 2021 KVR<\/li>\n<li>\u00c4ht\u00e4rin ambulanssi varikko 2021 KVR<\/li>\n<li>Riikku Toimistot 2021 KVR<\/li>\n<li>Taidekeskus Harri 2021<\/li>\n<li>As Oy alavuden pukkirinne 2022<\/li>\n<li>J\u00e4tevedenpuhdistamo Alavus 2022 SU+ AU kytkenn\u00e4t<\/li>\n<li>Kotipizza Sein\u00e4joki p\u00e4iv\u00f6l\u00e4 2022 KVR<\/li>\n<li>Teollisuusalueen katuvalaistus \u00e4ht\u00e4ri 2022<\/li>\n<li>Sein\u00e4joenseurakunta keskus saneeraus 2022<\/li>\n<li>Kunto-Lutra peruskorjaus ja laajennus n.5400m2 2023<\/li>\n<li>M\u00e4ntyrinne vanhainkoti kellarisaneeraus 2023<\/li>\n<li>L\u00e4hitapiolan konttorit Alavus KVR 2023<\/li>\n<li>T\u00f6ys\u00e4n seurakuntatalo 2023<\/li>\n<li>Alavuden yl\u00e4koulu P\u00e4\u00e4keskuksen vaihto 2023<\/li>\n<li>Opiskelija asuntola Kuortane 2023 KVR<\/li>\n<li>ABC \/ S-Market saneeraus 2024<\/li>\n<li>\u00c4ht\u00e4rin Uimahalli 2024<\/li>\n<li>Otson yhten\u00e4iskoulu KVR 2024<\/li>\n<li>Prisman parkkialueen laajennus 2024<\/li>\n<li>Alavus ikkunat tuotantotilojen laajennus 2024<\/li>\n<li>Alavuden keskustan alueen katuvalaistus 2024<\/li>\n<li>\u00c4ht\u00e4rin mustikkavuoren katuvalaistus 2024<\/li>\n<li>\u00c4ht\u00e4rin karhunkierros katuvalaistus 2024<\/li>\n<li>Lintuviita p\u00e4iv\u00e4koti \/ Koulu\u00a0 6\/2025<\/li>\n<li>Kauhavan Kaupungintalo 9\/2025<\/li>\n<li>Elonen Oy Leipomo Feenix\u00a0 2025<\/li>\n<li>Virtain elinvoimapalvelun vastaanottohalli\u00a0 6\/2025<\/li>\n<li>Sale T\u00f6ys\u00e4 1\/2025 SU+ AU kytkenn\u00e4t<\/li>\n<li>Alavuden seurakuntatalo 6\/2025<\/li>\n<li>Tervashovin laajennus 6\/2025<\/li>\n<li>S-Pankki Alavus 2\/2025<\/li>\n<li>Luovi IV-saneeraus 2025<\/li>\n<li>Alavuden virastotalo IV-Saneeraus 2025<\/li>\n<li>Elonen lounasravintola saneeraus 2025<\/li>\n<li>KSM Alavus 2026<\/li>\n<li>KSM Virrat 2026<\/li>\n<\/ul>\n<p>Muuntamot 20kV<\/p>\n<ul>\n<li>Keskinen Recycling Oy 1600kva 2kpl<\/li>\n<li>Elonen Oy 2000kva<\/li>\n<li>Prisma hyllykallio 1600kva<\/li>\n<\/ul>\n<p>&nbsp;<\/p>\n<p>Valaisin muutoksia Led-valaistukseen:<\/p>\n<ul>\n<li>Manor OY 2018<\/li>\n<li>Normek pakkaamo 2019<\/li>\n<li>Normek A1 ja A2 halli<\/li>\n<li>Riikku 2018<\/li>\n<li>Alavuden J\u00e4\u00e4halli 2019<\/li>\n<li>Vaneripaikka 2019<\/li>\n<li>Autokorjaamo Sep\u00e4nmaa 2017<\/li>\n<li>Wirmet OY 2021<\/li>\n<li>Konsepa 2023<\/li>\n<li>Nordec p.joki 2023<\/li>\n<li>S-Market Kuortane 2024<\/li>\n<\/ul>\n<p>S\u00e4hk\u00f6auton julkisia latauskentti\u00e4<\/p>\n<ul>\n<li>Kuortaneen kunta: 10kpl pankkikortti toimisia 22kw latureita kunnan eri kohteisiin<\/li>\n<li>\u00c4ht\u00e4rin el\u00e4inpuisto 4x11kw pankkikortti toimista<\/li>\n<li>Otson yhten\u00e4iskoulu 4x22kw pankkikortti toimista<\/li>\n<li>Kuortaneen urheiluopisto 8x11kw pankkikortti toimista<\/li>\n<li>Kunto-Lutra 2x22kw pankkikortti toimista<\/li>\n<li>Fasaadi 2x11kw pankkikortti toimista<\/li>\n<li>Alavuden terveyskeskus 2x11kw pankkikortti toimista<\/li>\n<li>Alavuden yl\u00e4koulu 2x11kw pankkikortti toimista<\/li>\n<li>Alavuden paloasema 2x11kw pankkikortti toimista<\/li>\n<\/ul>\n<p>Teholataus kentti\u00e4:<\/p>\n<ul>\n<li>ABC-Alavus 4x150kw DC + 2x22kw AC<\/li>\n<li>Prisma hyllykallio 12x150kw DC<\/li>\n<\/ul>\n<p>&nbsp;<\/p>\n<p>Ty\u00f6nalla olevia kohteita:<\/p>\n<ul>\n<li>KSM \u00c4ht\u00e4ri valmistuu 5\/2026<\/li>\n<li>Tokmanni \u00c4ht\u00e4ri valmistuu 5\/2026<\/li>\n<li>Sein\u00e4joen seurakuntakeskus valmistuu 6\/2026<\/li>\n<li>Kauhajoen Lukio KVR vakmistuu 6\/2027<\/li>\n<li>Alavuden Rauhanyhdistys peruskorjaus 4\/2026<\/li>\n<li><\/li>\n<\/ul>\n","protected":false},"excerpt":{"rendered":"<p>Alavus Ikkunat tuotantohalli Alavus Ikkunat konttori Alavus tilaelementit tuotantohalli 2018 KVR Alavuden urheilukent\u00e4n kuuluttamo 2019 KVR Apteekki Alavus saneeraus 2019 Riikku rakenteet 1 ja 2 vaihe K-SUPER MARKET alavus Kirkkom\u00e4nnik\u00f6n Ala-asteen saneeraus vaihe 2 Asumistukiyksikk\u00f6 Linnunlaulu kuortane OPKK.n tilat alavus Kauppakeskus Kynt\u00e4j\u00e4 alavus Mets\u00e4,Niitty ja Pelto-kievari saneeraus \u00c4ht\u00e4ri Manor OY laajennus 2010 Puistovarikko alavus Vaneripaikka &hellip; <\/p>\n<p class=\"link-more\"><a href=\"http:\/\/www.sahkoasennusmanninen.fi\/?page_id=41\" class=\"more-link\">Jatka lukemista<span class=\"screen-reader-text\"> &#8221;REFERENSSIKOHTEET:&#8221;<\/span><\/a><\/p>\n","protected":false},"author":1,"featured_media":0,"parent":0,"menu_order":0,"comment_status":"closed","ping_status":"closed","template":"","meta":{"footnotes":""},"class_list":["post-41","page","type-page","status-publish","hentry"],"_links":{"self":[{"href":"http:\/\/www.sahkoasennusmanninen.fi\/index.php?rest_route=\/wp\/v2\/pages\/41","targetHints":{"allow":["GET"]}}],"collection":[{"href":"http:\/\/www.sahkoasennusmanninen.fi\/index.php?rest_route=\/wp\/v2\/pages"}],"about":[{"href":"http:\/\/www.sahkoasennusmanninen.fi\/index.php?rest_route=\/wp\/v2\/types\/page"}],"author":[{"embeddable":true,"href":"http:\/\/www.sahkoasennusmanninen.fi\/index.php?rest_route=\/wp\/v2\/users\/1"}],"replies":[{"embeddable":true,"href":"http:\/\/www.sahkoasennusmanninen.fi\/index.php?rest_route=%2Fwp%2Fv2%2Fcomments&post=41"}],"version-history":[{"count":9,"href":"http:\/\/www.sahkoasennusmanninen.fi\/index.php?rest_route=\/wp\/v2\/pages\/41\/revisions"}],"predecessor-version":[{"id":72,"href":"http:\/\/www.sahkoasennusmanninen.fi\/index.php?rest_route=\/wp\/v2\/pages\/41\/revisions\/72"}],"wp:attachment":[{"href":"http:\/\/www.sahkoasennusmanninen.fi\/index.php?rest_route=%2Fwp%2Fv2%2Fmedia&parent=41"}],"curies":[{"name":"wp","href":"https:\/\/api.w.org\/{rel}","templated":true}]}}